 + 2*h. Suppose -2*c + 4*f = -354, -u*f - h - 125 = -c. What are the prime factors of c?
13
Let o = 57 - 47. Suppose -o = -5*i - j, -5*i + 4*j + j + 40 = 0. Suppose -i*b = -f - 318, 0 = 4*b - 9*b + 2*f + 530. List the prime factors of b.
2, 53
Let v(q) be the third derivative of q**4/12 + 5*q**2. Let o be v(0). Suppose 3*h - 6*h + 180 = o. What are the prime factors of h?
2, 3, 5
Suppose -5*j + 25 = -4*s, s + 15 = 3*j - 0*s. Suppose j*l - 7 = -2*o, -4*l = 4*o + 2 + 2. List the prime factors of l + -1 + (-2)/(-4)*146.
3, 5
Let v(x) = -4*x**3 + x. Let s be v(-1). Suppose 5*a + m + s*m = 50, 4*m = 20. Suppose -a*p + 3*p = -l + 26, l = 4*p + 30. List the prime factors of l.
2, 7
Let n = 19593 - 423. What are the prime factors of n?
2, 3, 5, 71
Let t be -1 + -65 + (-5 - 2 - -13). What are the prime factors of 42/(-12)*t/(-35) + 845?
839
Suppose 3*a - 17053 = -2*j, 5*j + 2*a - 14361 = 28233. List the prime factors of j.
2, 2129
Let v be (3 - 5/5)/(-1). List the prime factors of -6 + v + 119 + -4.
107
Let x(p) = p**2 + 2*p - 10. Let n be x(3). Suppose -2*b - 31 + 136 = -y, -b = -n*y - 516. Let g = 272 + y. List the prime factors of g.
13
Suppose 3*x - 8*x + 20 = 0. Suppose 8 = 2*k + v, -v - x*v = -2*k + 8. Suppose 300 = k*h - h. What are the prime factors of h?
2, 5
Suppose 4*k + 8 = -4*n, -4 = n - 3*k + 2. Let r(p) = 32*p**2. Let d be r(1). Let m = d - n. List the prime factors of m.
5, 7
Let j(l) = -23*l**3 - 2*l**2 + 6*l - 97. List the prime factors of j(-6).
11, 433
Let u = -21899 - -28438. List the prime factors of u.
13, 503
Let x(a) = 13*a**2 + 226*a - 16. List the prime factors of x(-31).
5471
Suppose 138611 = 9*k - 7684. What are the prime factors of k?
5, 3251
Suppose -5*s - 12*c + 82467 = 0, -5*c = -s - 4*c + 16473. What are the prime factors of s?
3, 1831
Suppose 4*j + 936 = 10*j. Suppose -2*z + 1248 = -2*v + j, -549 = -z + 2*v. What are the prime factors of z?
3, 181
Suppose -3*f + 12 = 3*f. Let r(z) = 9*z**2 - 4*z + 2. Let d be r(f). Suppose -32*b = -d*b - 34. What are the prime factors of b?
17
Suppose -13*d + 9*d = -556. Suppose 3*z - d = 731. What are the prime factors of z?
2, 5, 29
Suppose -j = -2*j, x - 40 = j. Suppose x*s = 31*s + 3033. List the prime factors of s.
337
Let n(o) = 7732*o**3 - 4*o**2 + o - 3. List the prime factors of n(1).
2, 3863
Suppose -t - 8 = -5*t. Suppose 4*g - 2*d = -4, -2*g + 3*g + t*d - 4 = 0. Suppose 3*f - 181 = 5*u, g*f - 5*f + 323 = -3*u. List the prime factors of f.
67
Let w be 20 + 8/(-12)*-3. Suppose -4*y + 8*p + w = 6*p, 4*p + 16 = y. List the prime factors of -4 + (3 - (3 + -17)*y).
5, 11
Suppose 5*m - 9*w + 11160 = 39151, -22384 = -4*m + 5*w. What are the prime factors of m?
5591
Suppose 33*v = -127564 + 780158 + 206429. What are the prime factors of v?
3, 8677
Let o = -131 + 197. Suppose -o*n - 285 = -71*n. What are the prime factors of n?
3, 19
Suppose -5*p + 3*g + 101 = 0, 8*p = 4*p + 3*g + 79. What are the prime factors of 4609/p*1*2?
419
Suppose -5*m + 26 = 4*j, 0 = 4*j + 4*m - 23 - 1. What are the prime factors of j/6 - -287*(-44)/(-12)?
3, 13
Let g be (-1)/((-234)/(-118) - (3 + -1)). Let y = 54 - g. List the prime factors of (-173)/y - (88/(-20) - -4).
5, 7
Let n(m) = 5*m**2 + 11*m - 498. List the prime factors of n(35).
2, 3, 167
List the prime factors of (-3 - -26298) + -13 + 35.
26317
Let r(f) = 393*f**2 - 7*f - 2. Let u be r(-1). Suppose -u = -2*v - 6*l + 2*l, 0 = -5*v - l + 1022. What are the prime factors of v?
5, 41
Let k be ((-2)/(-4))/(12/96). Let g = 255 + -248. Suppose k*y + 243 = g*y. List the prime factors of y.
3
Let t be 2/(-6)*(-534 - -3). Suppose 8*b + t + 15 = 0. Let y = 26 + b. What are the prime factors of y?
2
Suppose 0 = 51*d - 8*d - 150672. What are the prime factors of d?
2, 3, 73
Let c(y) = y + 7. Let o be c(-4). Let l(h) = 72*h - 716. Let u be l(10). Suppose -d = -u*d - 6, -4*q + 190 = -o*d. List the prime factors of q.
2, 23
Let d(s) = -9*s - 13. Let q = -31 - -14. Let j be d(q). Suppose -r + 2*w = -125, -78 = -2*r - 4*w + j. List the prime factors of r.
3, 13
Let a be 4*(15/(-4))/(-1). Let n(h) be the first derivative of 5*h**2/2 - 143. List the prime factors of n(a).
3, 5
Suppose -58772 = 48*w - 55*w. List the prime factors of w.
2, 2099
Let p = 1667 + 1275. List the prime factors of p.
2, 1471
Let f(x) = 82*x - 61. Let m be f(7). Suppose 2223 = 3*r + m. List the prime factors of r.
2, 3, 5, 19
Suppose 144 = 4*r + 4*c, -3*r - 16 = -4*r - 5*c. Let b(k) = -k**2 - 17*k + 1. Let a be b(-16). Let f = r - a. List the prime factors of f.
2, 3
Let z = -9262 + 16437. List the prime factors of z.
5, 7, 41
Suppose -k - 5*m + 2617 = k, 5*k - m = 6475. Let d = -39 + k. Suppose 735 = 12*w - d. What are the prime factors of w?
2, 83
Let v(i) = -i**3 - 10*i**2 + 6*i - 8. Let f be v(-14). Let m = f - 357. List the prime factors of m.
5, 67
Let a be ((-9)/(-21) - (-281)/14)*2. Let t(b) = 13*b - 73. List the prime factors of t(a).
2, 5, 23
Let f(g) = -67*g - 5956. List the prime factors of f(-127).
3, 23, 37
Suppose -69*q + 257668 + 205439 = 125628. What are the prime factors of q?
67, 73
Let x be 777/3 - (-1)/(-1). Suppose -171 - 939 = 29*g - 4909. Let i = x - g. List the prime factors of i.
127
Suppose 1016 = -5*s - 3*h - 497, -4*s - h = 1209. Let b = s - -845. What are the prime factors of b?
3, 181
Let g(y) = 2*y**2 - 18*y + 148. Let m be g(39). Suppose 83*o + m = 85*o. List the prime factors of o.
2, 311
Suppose 18*r = 23*r - 4125. Let g(n) = -717*n + r*n + 4 - 3. List the prime factors of g(1).
109
Suppose -6*j = j + 889. Let l = -62 + 48. Let z = l - j. What are the prime factors of z?
113
Suppose 293*k = 286*k + 8708. List the prime factors of k.
2, 311
List the prime factors of (-49)/((-294)/(-36)) - -8521*4/2.
2, 4259
Let w(q) = -180*q + 995. List the prime factors of w(-44).
5, 1783
Let m(x) = x**2 + 11*x + 3. Let o be m(3). Let i be -4*o/(-54)*(-6)/(-4). Suppose i*c + c - 1674 = 0. What are the prime factors of c?
3, 31
Let n(x) = 8943*x**3 - 159*x + 318. List the prime factors of n(2).
2, 3, 11, 271
Let b be (0 + 1)*(-4 + 4)/6. Suppose 5*l + a - 1324 = 0, b*a - 12 = -3*a. What are the prime factors of l?
2, 3, 11
What are the prime factors of (-191110)/(-6) - ((-13)/(-3) + 756/(-162))?
2, 7963
Let v be (9 - 5) + 5 + -4 + -1. Suppose -3*a = v*m - 1170 - 26, -3*m + 6 = 0. What are the prime factors of a?
2, 3, 11
Suppose -j - 4*m = -4309, 12935 = 2*j + j + 4*m. Suppose 2*x - 2960 = -2*g - 98, 0 = 3*g - 2*x - j. What are the prime factors of g?
5, 7, 41
Let l be (-7 + 450/40)/(2/40). Suppose -7*g + l = -195. List the prime factors of g.
2, 5
Let v(d) = -d**3 - 14*d**2 + 14*d + 26. Let p = -217 - -201. What are the prime factors of v(p)?
2, 157
Let z = -64 + 90. Let q = 13857 + -13845. Let c = z - q. What are the prime factors of c?
2, 7
Let w(b) = -59*b - 29. Let n(s) be the third derivative of -5*s**4/6 - 5*s**3/3 + 3*s**2. Let p(u) = -8*n(u) + 3*w(u). What are the prime factors of p(-4)?
61
Let i = 6 + -9. Let b be i/5*1 + (-11232)/(-45). Suppose 0 = 5*t + 5*j - b - 76, 5*j = -t + 53. List the prime factors of t.
2, 17
Suppose 1171 = v + v - 3*c, 3*v + 4*c = 1748. Suppose -v = -2*h - 326. List the prime factors of h.
3, 43
Let n = -47 - -47. Let q be (n - -1) + (0 - 1/1). List the prime factors of q/10 - (-67 - 1).
2, 17
Let y be 20/(-8)*-4*(-6)/15. What are the prime factors of (-615)/y - 93/124?
3, 17
Let d = 46 - 43. Suppose 3*f - 531 = -5*t, -5*f + d*t = -359 - 492. Let u = 248 - f. What are the prime factors of u?
2, 19
Let i be (5 - 1)/(-7 - -6). Let o be (-2 - 12/i) + 4. Suppose t + 171 = 5*b, -o*t = -4*b + 114 + 6. What are the prime factors of b?
5, 7
Let v be (-6)/(-9) - 3828/(-9). Suppose 5*q - 2055 = 5*p, -4*p = -2*q + 3*q - v. List the prime factors of q.
2, 3, 23
Suppose 5*z - 5*l - 11495 = 0, -3*z + 92*l - 96*l = -6904. Suppose 2086 + z = 6*s. List the prime factors of s.
17, 43
Suppose 36*b - 985254 = 1015986. What are the prime factors of b?
2, 3, 5, 17, 109
Let l(t) = -5*t**2 - 3*t + 8. Let d be l(-6). Let a = -13402 - -13348. Let r = a - d. List the prime factors of r.
2, 5
List the prime factors of ((-1)/15*610110/(-36))/((-8)/(-48)).
6779
List the prime factors of 212 - -57015 - 4/(-2)*-6.
5, 11443
Suppose 10 = -6*j + 4*j. Let r(p) = -p**3 - 